9*f - 5*f, -4*f + 3*j + 2672 = 0. What are the prime factors of f?
2, 167
Let h(c) = -5*c - 2. Let b be h(-1). Suppose b = 3*l + 2*t - 2, 0 = 2*l - 2*t - 20. What are the prime factors of (-3)/((-6)/l)*6?
3, 5
Let m = -10 - -39. Suppose 5*h + 4*y - 74 = 85, -h + 2*y + m = 0. List the prime factors of h.
31
Let c(u) = u**3 + 8*u**2 - 3*u + 6. Let z be c(-7). Suppose 107 = 3*v - z. What are the prime factors of v?
61
Let k(o) = 3099*o**2 - 14*o + 14. List the prime factors of k(1).
3, 1033
Let h(t) = 8*t**3 + 2*t**2 - 3*t - 3. Let r = 17 + -19. Let q be h(r). Let a = q - -91. List the prime factors of a.
2, 19
Suppose 3*b + 4*k = 4, 24 = 5*b - 0*k - 2*k. Suppose 229 + 95 = b*c. Suppose 3*r - c = 3*a, 4*r + a - 94 - 24 = 0. List the prime factors of r.
29
Suppose b = -4*t - 24, -4*b + 12 = -t - t. Let m be -4 + (t/(-3) - -4). Suppose -5*q = -4*n + 169, 0*q + 107 = m*n + 5*q. What are the prime factors of n?
2, 23
Let g be -5 + ((-275)/(-5) - 1). Let m = g - -147. List the prime factors of m.
2, 7
Let z = -81 + 73. Let v(f) = 7*f**2 + 19*f + 2. What are the prime factors of v(z)?
2, 149
Let b = 29 + 431. List the prime factors of b.
2, 5, 23
Suppose 4*x - 4 = -4*i, 2 = -4*x + 5*i - 3. Suppose -5*u + 510 = -x*u. Suppose 2*b = -3*a + u, 3*a = 2*b - 23 - 103. What are the prime factors of b?
3, 19
Let v be 1*(3 + -2)*3. Suppose -4*y = v*g - 7*y - 384, -5*y = 25. Suppose -g = -4*n + n. List the prime factors of n.
41
Suppose 2*g + 6171 + 8465 = 4*m, 5*m - 18298 = 4*g. List the prime factors of m.
2, 31, 59
Let q(r) = 5*r**3 - 22*r**2 + 4*r + 12. Let k(o) = -11*o**3 + 44*o**2 - 9*o - 24. Let i(c) = 4*k(c) + 9*q(c). What are the prime factors of i(22)?
2, 3
What are the prime factors of 2/(-2)*3490/(-5)?
2, 349
Let u(c) = 4*c + 12*c - c**2 - 5*c. Let k be u(8). Suppose -7*p - k = -9*p. List the prime factors of p.
2, 3
Suppose -91*k + 69*k + 33792 = 0. What are the prime factors of k?
2, 3
Let u be (27/6)/(6/8). Let t(k) = -8*k**2 + 5*k + 4. Let z(g) = 23*g**2 - 16*g - 11. Let h(w) = u*z(w) + 17*t(w). List the prime factors of h(8).
2, 3, 7
Let t(w) = -w**3 - 10*w**2 - 17*w - 9. Let y be t(-8). What are the prime factors of (-7)/(14/44)*y?
2, 11
Let g be (-10)/(-55) - (-324)/33. What are the prime factors of 468/g + (-7)/(-35)?
47
Suppose -24413 - 4063 = -28*g. List the prime factors of g.
3, 113
Let u be (-2*2)/((-8)/40). Suppose 2*p - 4*a - 6 = u, -5*p - 3*a = 0. Suppose -c + f = -0*f - 2, -5*f = p*c - 22. List the prime factors of c.
2
Suppose 5*u - 5278 = -3*h, -4*u - 3*h + 4225 = 2*h. What are the prime factors of u?
5, 211
Let z be (11 + -7)*(0 + 20). Let w be z + 0 + (-1 - 1). Suppose -w = -l - 2*l. What are the prime factors of l?
2, 13
Let g(t) = t**2 + 6*t + 5. Let i be g(-5). Suppose i*r + 16 = 4*r. Suppose -r = 3*v - 4*v. List the prime factors of v.
2
Let q be (4/(-5))/(11/((-275)/10)). Suppose -3*o = -q*o - 75. What are the prime factors of o?
3, 5
Suppose 4*t - 255 = -2*a + 1093, 4*a + 4*t = 2704. List the prime factors of a.
2, 3, 113
What are the prime factors of 1/7 + (-14148)/(-42)?
337
Let j(a) = 4*a**2 - 9*a - 7. Let g be j(7). Let p be 784/g - (-2)/(-9). Suppose 2*x - m = 55, 3*m = -p - 9. List the prime factors of x.
5
Let h(c) = -c**2 - 20*c - 14. Let u be h(-19). Suppose u*g - 275 - 215 = -5*a, 3*g - 4*a - 308 = 0. What are the prime factors of g?
2, 5
Suppose 3*u = 2*r - 6691, 4*u = 21 - 33. List the prime factors of r.
13, 257
Let d be (2 + -4 - -8) + -3. Let z(x) = 3*x**3 - 3*x**2 + 4. Let s be z(d). Suppose 5*a - s = -4*h, 3*a - 4 = a. List the prime factors of h.
2, 3
Let l(n) = 9*n**3 - 3*n + 2. Let m be l(3). Suppose 0 = 5*x - b - 397, -m = -5*x - 4*b + 151. Suppose 3*k - x = -19. List the prime factors of k.
2, 5
Suppose 288*l - 287*l = 185. What are the prime factors of l?
5, 37
Suppose -k + m + 3 = 0, -7*k + 3*k + 2*m + 12 = 0. Let t(n) = 7*n**3 - 2*n**2 - 3*n. Let a be t(k). Let l = a + -97. List the prime factors of l.
5, 13
Let x = 119 + -19. Let h(c) = -c**3 - 4*c**2 + 5*c - 4. Let a be h(-6). Let m = x - a. What are the prime factors of m?
2, 31
What are the prime factors of ((-28)/(-20))/(6/30) + 1464?
1471
Let q be (28 - 1)*(-32)/24. Let r = 106 + q. What are the prime factors of r?
2, 5, 7
Suppose 2*v - 4*v + 48 = 0. What are the prime factors of 2/(-3) - (-1336)/v?
5, 11
Suppose -5*q - 2*p = -89, 3 = -q - 4*p + 28. What are the prime factors of q?
17
Suppose -5*o + 18*x + 13735 = 22*x, -x = 0. What are the prime factors of o?
41, 67
Let t = 34 + -32. Suppose -u + t*n = 2*u - 34, -4*n = 8. What are the prime factors of u?
2, 5
Suppose 0*q + 4*q = 40. Let x be -1*0/((-1 - 3) + 2). Suppose -q = -x*r - 5*r. What are the prime factors of r?
2
Suppose -2*w + 780 + 2400 = 0. List the prime factors of (16/48)/(2/w).
5, 53
List the prime factors of (-6 + 236)/2 - 7.
2, 3
Suppose 42672 = 12*c + 12*c. What are the prime factors of c?
2, 7, 127
Suppose 0 = 4*i + 5*q - 619, -i - 4*q = 2*i - 464. Let b = -75 + i. What are the prime factors of b?
3
Suppose 0 = -1740*z + 1737*z + 4731. What are the prime factors of z?
19, 83
Suppose -7869 + 2418 = -3*j. List the prime factors of j.
23, 79
Suppose -4*u + u = 12. Let j be 1/(u/(-6) + -1). What are the prime factors of j/12 - (-178)/8?
2, 11
Let u(r) = -r**3 + 8*r**2 + r - 11. Let s be u(8). Let p be (s/9)/((-4)/72). Suppose 0 = p*c - 2*c - 84. List the prime factors of c.
3, 7
Let j(p) = -p + 15. Let n be j(5). Let y(a) = a**2 - 10*a + 3. Let l be y(n). Suppose -3*h = -l*m + 24, -m - 3*h = -3*m + 20. List the prime factors of m.
2
Suppose -4*y + 86 = 34. Suppose -y*k + 9*k + 184 = 0. What are the prime factors of k?
2, 23
Let d(n) = n**3 - 8*n**2 + 4*n - 4. Let u be d(5). Suppose 51 = 5*w - 2*k - 378, -2*k = 4. Let x = w + u. List the prime factors of x.
2, 13
Let j = 270 + -114. Let k = j - 6. What are the prime factors of k?
2, 3, 5
Suppose -15286 + 1006 = -10*o. What are the prime factors of o?
2, 3, 7, 17
Let q be (-15)/(-6)*18/(-3). Let u be (6/q)/((-1)/10). Suppose -4*j + u*v = -60, 3*v - 36 = -4*j + v. List the prime factors of j.
11
Suppose 2*x = -0 + 594. List the prime factors of x.
3, 11
Let w = 223 - -1167. List the prime factors of w.
2, 5, 139
Let m(c) = -1 + 3*c - 2*c + 81*c**3 - 3*c + c**2 + 3*c. Let q be m(1). Let s = -45 + q. List the prime factors of s.
37
Let f be 7 - 3 - 2 - 0. Suppose -f*a + 3*a - 4 = 0. Suppose 154 - 26 = a*h. List the prime factors of h.
2
Let w(a) = 10*a**2 + 2*a - 2. Let n = -63 - -59. List the prime factors of w(n).
2, 3, 5
Let m(z) = 295*z - 36. Let b(f) = -59*f + 7. Let o(l) = -11*b(l) - 2*m(l). List the prime factors of o(1).
2, 3
Let f(y) = 18*y - 13. Let v(a) = -37*a + 26. Let c(t) = 5*f(t) + 2*v(t). Let n be (-30)/(-18) + 21/9. What are the prime factors of c(n)?
3, 17
Suppose -13*p = -18*p + 10. Suppose 3*y + 11 + p = 2*k, 22 = -2*k - 4*y. List the prime factors of ((-21)/(-6)*-6)/k.
3, 7
Let k be 3 + 5*((-76)/20 + 3). What are the prime factors of -2 + (-4)/k - (1 - 140)?
3, 47
Let b = -468 - -656. Suppose 3*q = b + 28. Suppose -u + 5*u + q = 2*r, r - 4*u = 44. What are the prime factors of r?
2, 7
Suppose 459 = 5*r + 4*h, -19*r + 396 = -15*r - 4*h. What are the prime factors of r?
5, 19
List the prime factors of 3/(12/(-10526))*(75 + -77).
19, 277
Suppose -4*h + 847 - 7 = 0. List the prime factors of h.
2, 3, 5, 7
Suppose 0 = -n - 3*j + 75, j - 105 = -2*n + 55. Suppose 18*x = 17*x + n. List the prime factors of x.
3
Suppose -3*a + 9311 = -5*g, 4*g = -4*a + a + 9275. List the prime factors of a.
19, 163
Let d(r) = 5*r + 3*r - 4*r - 1. Suppose a = 3 + 4. List the prime factors of d(a).
3
Let l = 7 + -5. List the prime factors of l*22 - (18 - 18).
2, 11
Suppose -7929 = -17*s + 1965. List the prime factors of s.
2, 3, 97
Let q = -289 + 564. Suppose 2*o = 7*o - q. Suppose -5*p + 25 = -o. List the prime factors of p.
2
Let b(f) = -f**2 - 5*f - 3. Let u be b(-3). Let l be (-129)/(-12) + u/(-4). Suppose 0 = -z + 19 + l. List the prime factors of z.
29
Let f be (0 - (-4 - -6))*-1. Suppose -c + 283 = 5*a, -4*a = -c + f*c - 227. What are the prime factors of a?
2, 7
Let j(f) be the first derivative of -f**4/4 + f**3/3 + 3*f**2/2 - 5*f + 5. What are the prime factors of j(-5)?
2, 5, 13
Let o(z) = z**3 - 13*z**2 - 13*z - 13. Let n be